{"id":23154,"date":"2021-11-30T15:34:19","date_gmt":"2021-11-30T14:34:19","guid":{"rendered":"http:\/\/new.ceres.fr\/vso\/?page_id=23154"},"modified":"2025-09-30T09:29:05","modified_gmt":"2025-09-30T07:29:05","slug":"vso","status":"publish","type":"page","link":"https:\/\/ceres.fr\/vso\/","title":{"rendered":"Vente sur Offres"},"content":{"rendered":"\t\t<div data-elementor-type=\"wp-page\" data-elementor-id=\"23154\" class=\"elementor elementor-23154\" data-elementor-post-type=\"page\">\n\t\t\t\t\t\t<section class=\"elementor-section elementor-top-section elementor-element elementor-element-e3de170 elementor-section-boxed elementor-section-height-default elementor-section-height-default\" data-id=\"e3de170\" data-element_type=\"section\">\n\t\t\t\t\t\t<div class=\"elementor-container elementor-column-gap-default\">\n\t\t\t\t\t<div class=\"elementor-column elementor-col-100 elementor-top-column elementor-element elementor-element-e87542b\" data-id=\"e87542b\" data-element_type=\"column\">\n\t\t\t<div class=\"elementor-widget-wrap elementor-element-populated\">\n\t\t\t\t\t\t<div class=\"elementor-element elementor-element-844bd03 accroche-page elementor-widget elementor-widget-shortcode\" data-id=\"844bd03\" data-element_type=\"widget\" data-widget_type=\"shortcode.default\">\n\t\t\t\t<div class=\"elementor-widget-container\">\n\t\t\t\t\t<div class=\"elementor-shortcode\">C\u00e9r\u00e8s Philat\u00e9lie, l'un des grands sp\u00e9cialistes de la vente sur offres que nous pratiquons avec succ\u00e8s depuis 1976.\r\n6 ventes annuelles ! La vente sur offres en ligne vous permet de consulter notre catalogue tr\u00e8s riche en photos, de zoomer sur les timbres et les lettres... et de passer vos ordres en seulement quelques clics ! <\/div>\n\t\t\t\t<\/div>\n\t\t\t\t<\/div>\n\t\t\t\t\t<\/div>\n\t\t<\/div>\n\t\t\t\t\t<\/div>\n\t\t<\/section>\n\t\t\t\t<section class=\"elementor-section elementor-top-section elementor-element elementor-element-839c530 elementor-section-boxed elementor-section-height-default elementor-section-height-default\" data-id=\"839c530\" data-element_type=\"section\">\n\t\t\t\t\t\t<div class=\"elementor-container elementor-column-gap-default\">\n\t\t\t\t\t<div class=\"elementor-column elementor-col-50 elementor-top-column elementor-element elementor-element-f7e9e83\" data-id=\"f7e9e83\" data-element_type=\"column\">\n\t\t\t<div class=\"elementor-widget-wrap elementor-element-populated\">\n\t\t\t\t\t\t<div class=\"elementor-element elementor-element-d69d1cd elementor-widget elementor-widget-shortcode\" data-id=\"d69d1cd\" data-element_type=\"widget\" data-widget_type=\"shortcode.default\">\n\t\t\t\t<div class=\"elementor-widget-container\">\n\t\t\t\t\t<div class=\"elementor-shortcode\"><a href=\"\/vso\/ventes-sur-offres\/\" title=\"\"><img decoding=\"async\" src=\"https:\/\/ceres.fr\/wp-content\/uploads\/2025\/09\/v200_60_c1.jpg\" title=\"\" alt=\"VSO\" class=\"\" \/><\/a><\/div>\n\t\t\t\t<\/div>\n\t\t\t\t<\/div>\n\t\t\t\t<div class=\"elementor-element elementor-element-74d7898 elementor-widget elementor-widget-shortcode\" data-id=\"74d7898\" data-element_type=\"widget\" data-widget_type=\"shortcode.default\">\n\t\t\t\t<div class=\"elementor-widget-container\">\n\t\t\t\t\t<div class=\"elementor-shortcode\"><a href=\"\/vso\/ventes-sur-offres\/?recherche=advanced&boutique=4&rubriques=la-selection\" title=\"\"><img decoding=\"async\" src=\"https:\/\/ceres.fr\/wp-content\/uploads\/2025\/09\/v200_60_c2.jpg\" title=\"\" alt=\"\" class=\"\" \/><\/a><\/div>\n\t\t\t\t<\/div>\n\t\t\t\t<\/div>\n\t\t\t\t<div class=\"elementor-element elementor-element-3bf49ca elementor-widget elementor-widget-shortcode\" data-id=\"3bf49ca\" data-element_type=\"widget\" data-widget_type=\"shortcode.default\">\n\t\t\t\t<div class=\"elementor-widget-container\">\n\t\t\t\t\t<div class=\"elementor-shortcode\"><a href=\"\/vso\/ventes-sur-offres\/?recherche=advanced&boutique=4&rubriques=collection-romar\" title=\"\"><img decoding=\"async\" src=\"https:\/\/ceres.fr\/wp-content\/uploads\/2025\/09\/v200_60_c3.jpg\" title=\"\" alt=\"\" class=\"\" \/><\/a><\/div>\n\t\t\t\t<\/div>\n\t\t\t\t<\/div>\n\t\t\t\t<div class=\"elementor-element elementor-element-f06a660 elementor-widget elementor-widget-shortcode\" data-id=\"f06a660\" data-element_type=\"widget\" data-widget_type=\"shortcode.default\">\n\t\t\t\t<div class=\"elementor-widget-container\">\n\t\t\t\t\t<div class=\"elementor-shortcode\"><a href=\"\/vso\/ventes-sur-offres\/?recherche=advanced&boutique=4&paged=&rubriques=collection-romar\" title=\"\"><img decoding=\"async\" src=\"\/vso-image\/v200_60_c2.jpg\" title=\"\" alt=\"\" class=\"\" \/><\/a><\/div>\n\t\t\t\t<\/div>\n\t\t\t\t<\/div>\n\t\t\t\t\t<\/div>\n\t\t<\/div>\n\t\t\t\t<div class=\"elementor-column elementor-col-50 elementor-top-column elementor-element elementor-element-eeece83\" data-id=\"eeece83\" data-element_type=\"column\">\n\t\t\t<div class=\"elementor-widget-wrap elementor-element-populated\">\n\t\t\t\t\t\t<div class=\"elementor-element elementor-element-cd17f14 vso-title elementor-widget elementor-widget-shortcode\" data-id=\"cd17f14\" data-element_type=\"widget\" data-widget_type=\"shortcode.default\">\n\t\t\t\t<div class=\"elementor-widget-container\">\n\t\t\t\t\t<div class=\"elementor-shortcode\"><h2>200e Vente sur Offres du 21 Octobre 2025<\/h2><\/div>\n\t\t\t\t<\/div>\n\t\t\t\t<\/div>\n\t\t\t\t<div class=\"elementor-element elementor-element-d2deb05 elementor-hidden-desktop elementor-hidden-tablet elementor-hidden-mobile elementor-widget elementor-widget-shortcode\" data-id=\"d2deb05\" data-element_type=\"widget\" data-widget_type=\"shortcode.default\">\n\t\t\t\t<div class=\"elementor-widget-container\">\n\t\t\t\t\t<div class=\"elementor-shortcode\">FRANCE<br \/>\r\nTimbres et Lettres Classiques<br \/>\r\nCollection sp\u00e9cialis\u00e9e Empire Laur\u00e9 <br \/>\r\n\u2022 Vari\u00e9t\u00e9s<br \/>\r\n\u2022 Blocs Feuillets dentel\u00e9s gomm\u00e9s<br \/>\r\nCOLONIES FRANCAISES<br \/>\r\nEUROPE - OUTRE-MER<br \/>\r\nLOTS & COLLECTIONS<br \/>\r\nCatalogues sp\u00e9ciaux :<br \/>\r\n\u2022 Les Bureaux Fran\u00e7ais 2e partie<br \/>\r\n\u2022 Collection Romar 3e partie : Type Sage<\/div>\n\t\t\t\t<\/div>\n\t\t\t\t<\/div>\n\t\t\t\t<div class=\"elementor-element elementor-element-5d7f52e elementor-widget elementor-widget-text-editor\" data-id=\"5d7f52e\" data-element_type=\"widget\" data-widget_type=\"text-editor.default\">\n\t\t\t\t<div class=\"elementor-widget-container\">\n\t\t\t<style>\/*! elementor - v3.21.0 - 25-04-2024 *\/\n.elementor-widget-text-editor.elementor-drop-cap-view-stacked .elementor-drop-cap{background-color:#69727d;color:#fff}.elementor-widget-text-editor.elementor-drop-cap-view-framed .elementor-drop-cap{color:#69727d;border:3px solid;background-color:transparent}.elementor-widget-text-editor:not(.elementor-drop-cap-view-default) .elementor-drop-cap{margin-top:8px}.elementor-widget-text-editor:not(.elementor-drop-cap-view-default) .elementor-drop-cap-letter{width:1em;height:1em}.elementor-widget-text-editor .elementor-drop-cap{float:left;text-align:center;line-height:1;font-size:50px}.elementor-widget-text-editor .elementor-drop-cap-letter{display:inline-block}<\/style>\t\t\t\t<p><strong>Cliquez sur le catalogue de votre choix<\/strong><\/p>\t\t\t\t\t\t<\/div>\n\t\t\t\t<\/div>\n\t\t\t\t<div class=\"elementor-element elementor-element-0346b00 elementor-widget elementor-widget-shortcode\" data-id=\"0346b00\" data-element_type=\"widget\" data-widget_type=\"shortcode.default\">\n\t\t\t\t<div class=\"elementor-widget-container\">\n\t\t\t\t\t<div class=\"elementor-shortcode\"><a href=\"https:\/\/ceres.fr\/wp-content\/uploads\/2025\/10\/vo_V200_60_Lpa-4.pdf\" target=\"_blank\">Liste des prix atteints : [ format PDF ]<\/a><\/div>\n\t\t\t\t<\/div>\n\t\t\t\t<\/div>\n\t\t\t\t<div class=\"elementor-element elementor-element-fff35ea elementor-widget elementor-widget-shortcode\" data-id=\"fff35ea\" data-element_type=\"widget\" data-widget_type=\"shortcode.default\">\n\t\t\t\t<div class=\"elementor-widget-container\">\n\t\t\t\t\t<div class=\"elementor-shortcode\"><a href=\"https:\/\/ceres.fr\/wp-content\/uploads\/2025\/10\/E_Vo_Dispo_V200-4.pdf\" target=\"_blank\">Liste des invendus : [ format PDF ]<\/a><\/div>\n\t\t\t\t<\/div>\n\t\t\t\t<\/div>\n\t\t\t\t<div class=\"elementor-element elementor-element-1767921 elementor-widget elementor-widget-button\" data-id=\"1767921\" data-element_type=\"widget\" data-widget_type=\"button.default\">\n\t\t\t\t<div class=\"elementor-widget-container\">\n\t\t\t\t\t<div class=\"elementor-button-wrapper\">\n\t\t\t<a class=\"elementor-button elementor-button-link elementor-size-sm\" href=\"https:\/\/ceres.fr\/vso\/ventes-sur-offres\/\">\n\t\t\t\t\t\t<span class=\"elementor-button-content-wrapper\">\n\t\t\t\t\t\t\t\t\t<span class=\"elementor-button-text\">Acc\u00e9der aux invendus de la Vente Sur Offres<\/span>\n\t\t\t\t\t<\/span>\n\t\t\t\t\t<\/a>\n\t\t<\/div>\n\t\t\t\t<\/div>\n\t\t\t\t<\/div>\n\t\t\t\t\t<\/div>\n\t\t<\/div>\n\t\t\t\t\t<\/div>\n\t\t<\/section>\n\t\t\t\t<\/div>\n\t\t","protected":false},"excerpt":{"rendered":"<p>Cliquez sur le catalogue de votre choix<\/p>\n","protected":false},"author":2,"featured_media":0,"parent":0,"menu_order":0,"comment_status":"closed","ping_status":"closed","template":"","meta":{"footnotes":""},"acf":[],"publishpress_future_action":{"enabled":false,"date":"2026-05-06 15:23:40","action":"change-status","newStatus":"draft","terms":[],"taxonomy":""},"_links":{"self":[{"href":"https:\/\/ceres.fr\/vso\/wp-json\/wp\/v2\/pages\/23154"}],"collection":[{"href":"https:\/\/ceres.fr\/vso\/wp-json\/wp\/v2\/pages"}],"about":[{"href":"https:\/\/ceres.fr\/vso\/wp-json\/wp\/v2\/types\/page"}],"author":[{"embeddable":true,"href":"https:\/\/ceres.fr\/vso\/wp-json\/wp\/v2\/users\/2"}],"replies":[{"embeddable":true,"href":"https:\/\/ceres.fr\/vso\/wp-json\/wp\/v2\/comments?post=23154"}],"version-history":[{"count":107,"href":"https:\/\/ceres.fr\/vso\/wp-json\/wp\/v2\/pages\/23154\/revisions"}],"predecessor-version":[{"id":143488,"href":"https:\/\/ceres.fr\/vso\/wp-json\/wp\/v2\/pages\/23154\/revisions\/143488"}],"wp:attachment":[{"href":"https:\/\/ceres.fr\/vso\/wp-json\/wp\/v2\/media?parent=23154"}],"curies":[{"name":"wp","href":"https:\/\/api.w.org\/{rel}","templated":true}]}}